[INFO] fetching crate daybreak 0.1.0...
[INFO] checking daybreak-0.1.0 against master#9610dfe5a9a731ced1ea4923ecbd0c57fe367898 for beta-170-4
[INFO] extracting crate daybreak 0.1.0 into /workspace/builds/worker-4-tc1/source
[INFO] validating manifest of crates.io crate daybreak 0.1.0 on toolchain 9610dfe5a9a731ced1ea4923ecbd0c57fe367898
[INFO] running `Command { std: CARGO_HOME="/workspace/cargo-home" RUSTUP_HOME="/workspace/rustup-home" "/workspace/cargo-home/bin/cargo" "+9610dfe5a9a731ced1ea4923ecbd0c57fe367898" "metadata" "--manifest-path" "Cargo.toml" "--no-deps", kill_on_drop: false }`
[INFO] started tweaking crates.io crate daybreak 0.1.0
[INFO] finished tweaking crates.io crate daybreak 0.1.0
[INFO] tweaked toml for crates.io crate daybreak 0.1.0 written to /workspace/builds/worker-4-tc1/source/Cargo.toml
[INFO] crate crates.io crate daybreak 0.1.0 already has a lockfile, it will not be regenerated
[INFO] running `Command { std: CARGO_HOME="/workspace/cargo-home" RUSTUP_HOME="/workspace/rustup-home" "/workspace/cargo-home/bin/cargo" "+9610dfe5a9a731ced1ea4923ecbd0c57fe367898" "fetch" "--manifest-path" "Cargo.toml", kill_on_drop: false }`
[INFO] [stderr]     Updating crates.io index
[INFO] [stderr]  Downloading crates ...
[INFO] [stderr]   Downloaded memmap v0.7.0
[INFO] [stderr]   Downloaded serde_yaml v0.9.14
[INFO] [stderr]   Downloaded unsafe-libyaml v0.2.4
[INFO] running `Command { std: "docker" "create" "-v" "/var/lib/crater-agent-workspace/builds/worker-4-tc1/target:/opt/rustwide/target:rw,Z" "-v" "/var/lib/crater-agent-workspace/builds/worker-4-tc1/source:/opt/rustwide/workdir:ro,Z" "-v" "/var/lib/crater-agent-workspace/cargo-home:/opt/rustwide/cargo-home:ro,Z" "-v" "/var/lib/crater-agent-workspace/rustup-home:/opt/rustwide/rustup-home:ro,Z" "-e" "SOURCE_DIR=/opt/rustwide/workdir" "-e" "CARGO_TARGET_DIR=/opt/rustwide/target" "-e" "CARGO_HOME=/opt/rustwide/cargo-home" "-e" "RUSTUP_HOME=/opt/rustwide/rustup-home" "-w" "/opt/rustwide/workdir" "-m" "1610612736" "--user" "0:0" "--network" "none" "ghcr.io/rust-lang/crates-build-env/linux@sha256:19e73879b68f455e41552ea35293514db52ea292d993f571636dbffedb77a1ee" "/opt/rustwide/cargo-home/bin/cargo" "+9610dfe5a9a731ced1ea4923ecbd0c57fe367898" "metadata" "--no-deps" "--format-version=1", kill_on_drop: false }`
[INFO] [stdout] 8a4dec7af56489008d57e36a0b6b3d3297199fcbfe39e2502eb1ba361ddff5c6
[INFO] running `Command { std: "docker" "start" "-a" "8a4dec7af56489008d57e36a0b6b3d3297199fcbfe39e2502eb1ba361ddff5c6", kill_on_drop: false }`
[INFO] running `Command { std: "docker" "inspect" "8a4dec7af56489008d57e36a0b6b3d3297199fcbfe39e2502eb1ba361ddff5c6", kill_on_drop: false }`
[INFO] running `Command { std: "docker" "rm" "-f" "8a4dec7af56489008d57e36a0b6b3d3297199fcbfe39e2502eb1ba361ddff5c6", kill_on_drop: false }`
[INFO] [stdout] 8a4dec7af56489008d57e36a0b6b3d3297199fcbfe39e2502eb1ba361ddff5c6
[INFO] running `Command { std: "docker" "create" "-v" "/var/lib/crater-agent-workspace/builds/worker-4-tc1/target:/opt/rustwide/target:rw,Z" "-v" "/var/lib/crater-agent-workspace/builds/worker-4-tc1/source:/opt/rustwide/workdir:ro,Z" "-v" "/var/lib/crater-agent-workspace/cargo-home:/opt/rustwide/cargo-home:ro,Z" "-v" "/var/lib/crater-agent-workspace/rustup-home:/opt/rustwide/rustup-home:ro,Z" "-e" "SOURCE_DIR=/opt/rustwide/workdir" "-e" "CARGO_TARGET_DIR=/opt/rustwide/target" "-e" "CARGO_INCREMENTAL=0" "-e" "RUST_BACKTRACE=full" "-e" "RUSTFLAGS=--cap-lints=forbid" "-e" "RUSTDOCFLAGS=--cap-lints=forbid" "-e" "CARGO_HOME=/opt/rustwide/cargo-home" "-e" "RUSTUP_HOME=/opt/rustwide/rustup-home" "-w" "/opt/rustwide/workdir" "-m" "1610612736" "--user" "0:0" "--network" "none" "ghcr.io/rust-lang/crates-build-env/linux@sha256:19e73879b68f455e41552ea35293514db52ea292d993f571636dbffedb77a1ee" "/opt/rustwide/cargo-home/bin/cargo" "+9610dfe5a9a731ced1ea4923ecbd0c57fe367898" "check" "--frozen" "--all" "--all-targets" "--message-format=json", kill_on_drop: false }`
[INFO] [stdout] 87958a93d8befde87585ffc016fdec02a9c6d9838d6c65cd0b96eda8440f22ef
[INFO] running `Command { std: "docker" "start" "-a" "87958a93d8befde87585ffc016fdec02a9c6d9838d6c65cd0b96eda8440f22ef", kill_on_drop: false }`
[INFO] [stderr]    Compiling syn v1.0.103
[INFO] [stderr]    Compiling libc v0.2.137
[INFO] [stderr]    Compiling serde v1.0.147
[INFO] [stderr]    Compiling thiserror v1.0.37
[INFO] [stderr]    Compiling serde_derive v1.0.147
[INFO] [stderr]     Checking remove_dir_all v0.5.3
[INFO] [stderr]     Checking fastrand v1.8.0
[INFO] [stderr]     Checking tempfile v3.3.0
[INFO] [stderr]    Compiling thiserror-impl v1.0.37
[INFO] [stderr]     Checking daybreak v0.1.0 (/opt/rustwide/workdir)
[INFO] [stdout] error[E0432]: unresolved import `daybreak::deser::Ron`
[INFO] [stdout]   --> examples/config.rs:17:5
[INFO] [stdout]    |
[INFO] [stdout] 17 | use daybreak::deser::Ron;
[INFO] [stdout]    |     ^^^^^^^^^^^^^^^^^^^^ no `Ron` in `deser`
[INFO] [stdout] 
[INFO] [stdout] 
[INFO] [stdout] error[E0432]: unresolved imports `daybreak::deser::Bincode`, `daybreak::deser::Ron`, `daybreak::deser::Yaml`
[INFO] [stdout]  --> tests/integration_tests.rs:2:23
[INFO] [stdout]   |
[INFO] [stdout] 2 | use daybreak::deser::{Bincode, DeSerializer, Ron, Yaml};
[INFO] [stdout]   |                       ^^^^^^^                ^^^  ^^^^ no `Yaml` in `deser`
[INFO] [stdout]   |                       |                      |
[INFO] [stdout]   |                       |                      no `Ron` in `deser`
[INFO] [stdout]   |                       no `Bincode` in `deser`
[INFO] [stdout] 
[INFO] [stdout] 
[INFO] [stdout] error[E0432]: unresolved import `daybreak::MmapDatabase`
[INFO] [stdout]  --> tests/integration_tests.rs:3:56
[INFO] [stdout]   |
[INFO] [stdout] 3 | use daybreak::{Database, FileDatabase, MemoryDatabase, MmapDatabase, PathDatabase};
[INFO] [stdout]   |                                                        ^^^^^^^^^^^^
[INFO] [stdout]   |                                                        |
[INFO] [stdout]   |                                                        no `MmapDatabase` in the root
[INFO] [stdout]   |                                                        help: a similar name exists in the module: `FileDatabase`
[INFO] [stdout] 
[INFO] [stdout] 
[INFO] [stdout] error[E0433]: failed to resolve: could not find `Deserialize` in `serde`
[INFO] [stdout]     --> src/lib.rs:1029:46
[INFO] [stdout]      |
[INFO] [stdout] 1029 |     #[derive(Clone, Debug, Serialize, serde::Deserialize)]
[INFO] [stdout]      |                                              ^^^^^^^^^^^ could not find `Deserialize` in `serde`
[INFO] [stdout] 
[INFO] [stdout] 
[INFO] [stdout] error[E0432]: unresolved imports `daybreak::deser::Ron`, `daybreak::deser::Yaml`
[INFO] [stdout]  --> examples/switching.rs:4:23
[INFO] [stdout]   |
[INFO] [stdout] 4 | use daybreak::deser::{Ron, Yaml};
[INFO] [stdout]   |                       ^^^  ^^^^ no `Yaml` in `deser`
[INFO] [stdout]   |                       |
[INFO] [stdout]   |                       no `Ron` in `deser`
[INFO] [stdout] 
[INFO] [stdout] 
[INFO] [stdout] error[E0432]: unresolved import `daybreak::deser::Ron`
[INFO] [stdout]  --> examples/full.rs:4:5
[INFO] [stdout]   |
[INFO] [stdout] 4 | use daybreak::deser::Ron;
[INFO] [stdout]   |     ^^^^^^^^^^^^^^^^^^^^ no `Ron` in `deser`
[INFO] [stdout] 
[INFO] [stdout] 
[INFO] [stdout] error: cannot find derive macro `Serialize` in this scope
[INFO] [stdout]     --> src/lib.rs:1029:28
[INFO] [stdout]      |
[INFO] [stdout] 1029 |     #[derive(Clone, Debug, Serialize, serde::Deserialize)]
[INFO] [stdout]      |                            ^^^^^^^^^
[INFO] [stdout]      |
[INFO] [stdout]      = help: consider importing this derive macro:
[INFO] [stdout]              serde_derive::Serialize
[INFO] [stdout] note: `Serialize` is imported here, but it is only a trait, without a derive macro
[INFO] [stdout]     --> src/lib.rs:1013:9
[INFO] [stdout]      |
[INFO] [stdout] 1013 |     use super::*;
[INFO] [stdout]      |         ^^^^^^^^
[INFO] [stdout] 
[INFO] [stdout] 
[INFO] [stdout] error[E0433]: failed to resolve: use of undeclared crate or module `ron`
[INFO] [stdout]     --> src/lib.rs:1277:13
[INFO] [stdout]      |
[INFO] [stdout] 1277 |             ron::de::from_reader(&backend.get_data().expect("could not get data from backend")[..])
[INFO] [stdout]      |             ^^^ use of undeclared crate or module `ron`
[INFO] [stdout] 
[INFO] [stdout] 
[INFO] [stdout] error[E0412]: cannot find type `Ron` in module `crate::deser`
[INFO] [stdout]     --> src/lib.rs:1018:58
[INFO] [stdout]      |
[INFO] [stdout] 1018 |     type TestDb<B> = Database<TestData, B, crate::deser::Ron>;
[INFO] [stdout]      |                                                          ^^^ not found in `crate::deser`
[INFO] [stdout] 
[INFO] [stdout] 
[INFO] [stdout] error[E0412]: cannot find type `Ron` in module `crate::deser`
[INFO] [stdout]     --> src/lib.rs:1295:54
[INFO] [stdout]      |
[INFO] [stdout] 1295 |             MemoryDatabase::<Vec<u64>, crate::deser::Ron>::memory(vec![]).expect("To be created");
[INFO] [stdout]      |                                                      ^^^ not found in `crate::deser`
[INFO] [stdout] 
[INFO] [stdout] 
[INFO] [stdout] error[E0412]: cannot find type `Ron` in module `crate::deser`
[INFO] [stdout]     --> src/lib.rs:1343:69
[INFO] [stdout]      |
[INFO] [stdout] 1343 |         let _ = Database::<PanicDefault, PathBackend, crate::deser::Ron>::load_from_path_or_default(
[INFO] [stdout]      |                                                                     ^^^ not found in `crate::deser`
[INFO] [stdout] 
[INFO] [stdout] 
[INFO] [stdout] error[E0412]: cannot find type `Ron` in module `crate::deser`
[INFO] [stdout]     --> src/lib.rs:1354:69
[INFO] [stdout]      |
[INFO] [stdout] 1354 |         let _ = Database::<PanicDefault, FileBackend, crate::deser::Ron>::load_from_path_or_default(
[INFO] [stdout]      |                                                                     ^^^ not found in `crate::deser`
[INFO] [stdout] 
[INFO] [stdout] 
[INFO] [stdout] error: aborting due to 2 previous errors
[INFO] [stdout] 
[INFO] [stdout] 
[INFO] [stdout] For more information about this error, try `rustc --explain E0432`.
[INFO] [stdout] 
[INFO] [stderr] error: could not compile `daybreak` (test "integration_tests") due to 3 previous errors
[INFO] [stderr] warning: build failed, waiting for other jobs to finish...
[INFO] [stdout] error: aborting due to previous error
[INFO] [stdout] 
[INFO] [stdout] 
[INFO] [stdout] For more information about this error, try `rustc --explain E0432`.
[INFO] [stdout] 
[INFO] [stdout] error[E0599]: no method named `read` found for struct `CONFIG` in the current scope
[INFO] [stdout]   --> examples/config.rs:50:10
[INFO] [stdout]    |
[INFO] [stdout] 24 | / lazy_static! {
[INFO] [stdout] 25 | |     static ref CONFIG: DB = {
[INFO] [stdout] 26 | |         let db = FileDatabase::load_from_path_or_default("/tmp/config.ron")
[INFO] [stdout] 27 | |             .expect("Create database from path");
[INFO] [stdout] ...  |
[INFO] [stdout] 30 | |     };
[INFO] [stdout] 31 | | }
[INFO] [stdout]    | |_- method `read` not found for this struct
[INFO] [stdout] ...
[INFO] [stdout] 49 |       let _conf: Config = CONFIG
[INFO] [stdout]    |  _________________________-
[INFO] [stdout] 50 | |         .read(|conf| conf.clone())
[INFO] [stdout]    | |         -^^^^ method not found in `CONFIG`
[INFO] [stdout]    | |_________|
[INFO] [stdout]    | 
[INFO] [stdout]    |
[INFO] [stdout]    = help: items from traits can only be used if the trait is implemented and in scope
[INFO] [stdout]    = note: the following trait defines an item `read`, perhaps you need to implement it:
[INFO] [stdout]            candidate #1: `std::io::Read`
[INFO] [stdout] 
[INFO] [stdout] 
[INFO] [stderr] error: could not compile `daybreak` (example "switching") due to 2 previous errors
[INFO] [stdout] error: aborting due to previous error
[INFO] [stdout] 
[INFO] [stdout] 
[INFO] [stdout] For more information about this error, try `rustc --explain E0432`.
[INFO] [stdout] 
[INFO] [stdout] error[E0599]: no method named `read` found for struct `CONFIG` in the current scope
[INFO] [stdout]   --> examples/config.rs:54:10
[INFO] [stdout]    |
[INFO] [stdout] 24 | / lazy_static! {
[INFO] [stdout] 25 | |     static ref CONFIG: DB = {
[INFO] [stdout] 26 | |         let db = FileDatabase::load_from_path_or_default("/tmp/config.ron")
[INFO] [stdout] 27 | |             .expect("Create database from path");
[INFO] [stdout] ...  |
[INFO] [stdout] 30 | |     };
[INFO] [stdout] 31 | | }
[INFO] [stdout]    | |_- method `read` not found for this struct
[INFO] [stdout] ...
[INFO] [stdout] 53 |       let (user_path, allow_overwrite) = CONFIG
[INFO] [stdout]    |  ________________________________________-
[INFO] [stdout] 54 | |         .read(|conf| (conf.user_path.clone(), conf.allow_overwrite.clone()))
[INFO] [stdout]    | |         -^^^^ method not found in `CONFIG`
[INFO] [stdout]    | |_________|
[INFO] [stdout]    | 
[INFO] [stdout]    |
[INFO] [stdout]    = help: items from traits can only be used if the trait is implemented and in scope
[INFO] [stdout]    = note: the following trait defines an item `read`, perhaps you need to implement it:
[INFO] [stdout]            candidate #1: `std::io::Read`
[INFO] [stdout] 
[INFO] [stdout] 
[INFO] [stdout] error: aborting due to 3 previous errors
[INFO] [stdout] 
[INFO] [stdout] 
[INFO] [stdout] Some errors have detailed explanations: E0432, E0599.
[INFO] [stdout] 
[INFO] [stdout] For more information about an error, try `rustc --explain E0432`.
[INFO] [stdout] 
[INFO] [stderr] error: could not compile `daybreak` (example "full") due to 2 previous errors
[INFO] [stderr] error: could not compile `daybreak` (example "config") due to 4 previous errors
[INFO] [stdout] error: aborting due to 7 previous errors
[INFO] [stdout] 
[INFO] [stdout] 
[INFO] [stdout] Some errors have detailed explanations: E0412, E0433.
[INFO] [stdout] 
[INFO] [stdout] For more information about an error, try `rustc --explain E0412`.
[INFO] [stdout] 
[INFO] [stderr] error: could not compile `daybreak` (lib test) due to 8 previous errors
[INFO] running `Command { std: "docker" "inspect" "87958a93d8befde87585ffc016fdec02a9c6d9838d6c65cd0b96eda8440f22ef", kill_on_drop: false }`
[INFO] running `Command { std: "docker" "rm" "-f" "87958a93d8befde87585ffc016fdec02a9c6d9838d6c65cd0b96eda8440f22ef", kill_on_drop: false }`
[INFO] [stdout] 87958a93d8befde87585ffc016fdec02a9c6d9838d6c65cd0b96eda8440f22ef
